at are the prime factors of h/(2/(8/(-2)))?
2, 5
Let d = 23223 - 1960. List the prime factors of d.
11, 1933
Suppose -42 = h - 83. Let j = 160 - h. What are the prime factors of j?
7, 17
Let d(u) = -u**3 + 11*u**2 + 16*u - 13. Let i be d(12). Let n = 127 - 80. Let x = n + i. What are the prime factors of x?
2, 41
Suppose -85405 = 10*a - 487175. What are the prime factors of a?
40177
Let z be -10 + (0 - 13) + 5. Let p(s) be the third derivative of -3*s**4/4 - 27*s**3/2 + 5*s**2. List the prime factors of p(z).
3
Let c = 1 - 7. Let j(x) = 16*x**2 - 14*x - 9. What are the prime factors of j(c)?
3, 7, 31
Suppose -115434 = -1500*z + 1478*z. What are the prime factors of z?
3, 11, 53
Let q = 6051 - 734. List the prime factors of q.
13, 409
Suppose -45*m - 9*m + 99551 - 26975 = 0. List the prime factors of m.
2, 3, 7
Suppose s = 4*x - 179951, -78*s + 76*s = 6. What are the prime factors of x?
44987
Suppose -72*c - 127*c = 3582. Let p be (-6)/(-15) - (-283)/5. Let n = c + p. What are the prime factors of n?
3, 13
What are the prime factors of 4/12 - ((-3796584)/36)/22?
2, 3, 17, 47
Suppose 11*f + 68 + 20 = 0. Let t(o) = 6*o**2 + 12*o + 37. What are the prime factors of t(f)?
5, 13
Let m(g) be the second derivative of -g**4/12 - 29*g**3/6 - 7*g**2 + 71*g. What are the prime factors of m(-23)?
2, 31
Let h be -2 + -75 + -2 - (58 - 55). Let a(v) = 4*v**2 - 8*v - 4. Let d be a(-5). Let w = d + h. List the prime factors of w.
2, 3
Suppose 10 = 5*m, a + 3*m - 878 = 652. Suppose -14*y + 2*y + a = 0. Suppose -4*n + w - y = -887, -5*n - w = -959. List the prime factors of n.
191
Let g be (-172)/(-946) + 62/22 + 1. Let r be (-1)/((-1 - 1)/6). Suppose -5*m + 184 + 131 = -g*q, -320 = -5*m + r*q. What are the prime factors of m?
67
Let g(h) be the second derivative of 38*h**3/3 + 39*h**2 - 3*h + 4. List the prime factors of g(8).
2, 7
Let k = 272 + -266. Let h(q) be the second derivative of q**5/20 - q**4/4 - 11*q**3/6 + 13*q**2/2 + 3*q. List the prime factors of h(k).
5, 11
Let m(f) = -f**3 + 19*f**2 - 13*f + 19. Let v be (12 - -4) + (-12)/2. List the prime factors of m(v).
3, 263
Let x(b) = -16*b**2 - 20*b - 101. Let h(m) = 9*m**2 + 10*m + 50. Let j(i) = -7*h(i) - 4*x(i). List the prime factors of j(-5).
29
Suppose 3*b - 395 = -236. Suppose 0 = b*t - 59*t + 5376. What are the prime factors of t?
2, 7
Suppose 0 = -82*i + 1012015 + 9787. What are the prime factors of i?
17, 733
What are the prime factors of 4113 - 13/((-156)/(-84))?
2, 2053
Let k = 61492 - 40323. List the prime factors of k.
21169
Let z = 473 - 208. Suppose -4*l = -5*w + 3915 + z, 2*l + 3350 = 4*w. List the prime factors of w.
2, 3, 5, 7
Suppose 26 + 26 = 5*a - m, -4*a + 47 = m. Suppose 0*s - 55 = a*s. What are the prime factors of ((-6)/s)/((-4)/(-390))?
3, 13
Let b be ((-2)/(-3))/(17/(-612)). Let c be (-11)/((-440)/b)*(-30 - 0). List the prime factors of c*(-3 + 0 - -9).
2, 3
Suppose 118*g = 116*g + 1842. Suppose -t = 4*s - 1211 - 616, -g = -2*s + t. What are the prime factors of s?
2, 229
Suppose -2*w - a = 26, -5*w + 8*a = 5*a + 65. Let v(i) = 8*i - 110. Let t(c) = -2*c + 21. Let p(z) = 5*t(z) + v(z). List the prime factors of p(w).
3, 7
Let w = 38 + -61. Let p = w - -26. Suppose -3*l = -2*q - 0*l + 79, -5*q - p*l = -229. List the prime factors of q.
2, 11
Let a(o) = -18*o**3 - 12*o**2 - 14*o - 64. List the prime factors of a(-15).
2, 14549
Suppose -5*q = -3*h + 3, h - 1 = q - 6*q. Suppose -k = -4*b - 66 + 370, q = -3*k. List the prime factors of b.
2, 19
Let c(b) = 4144*b - 12141. List the prime factors of c(6).
3, 4241
Let j = 244 + -241. Suppose 5*b = 6*t - 9*t + 1648, -2*t + 989 = j*b. What are the prime factors of b?
7, 47
Suppose 0 = 222*s + 205*s - 18033064. List the prime factors of s.
2, 5279
Let o = -4884 - -10386. Suppose 18*j = -3*j + o. What are the prime factors of j?
2, 131
Suppose -220*z + 769360 - 151801 + 276521 = 0. List the prime factors of z.
2, 127
Suppose -a = i - 14077, 778*a - 3*i = 775*a + 42219. What are the prime factors of a?
5, 563
Let p be (-12)/30 + (0 - 624/(-10)). Suppose -88 - p = -5*l - 5*x, 3*x = 0. Suppose 0 = 28*c - l*c + 106. What are the prime factors of c?
53
Suppose 2726 = 2*x + 4*g - 0*g, -3*g - 5463 = -4*x. Let l = x - 648. List the prime factors of l.
3, 239
Suppose -2*k + 5*t - 6 = 0, -5*k + 4*t - 6*t + 14 = 0. Let v(p) = 302*p**2 - 5*p + 8. Let n be v(k). Suppose -n = 20*w - 26*w. List the prime factors of w.
3, 67
Let v = -15083 + 31415. What are the prime factors of v?
2, 3, 1361
Suppose -w - 1123 - 36982 = -3*g, 4*w - 50812 = -4*g. List the prime factors of g.
2, 3, 29, 73
Suppose -2*d + 3*d + 3*w - 354 = 0, -2*d - 2*w + 700 = 0. Suppose 0*j - 6*j - d = 0. Let s = 146 + j. List the prime factors of s.
2, 11
Suppose 17*y - 3*y - 28 = 0. Suppose 8*r + y*b + 454 = 12*r, -4*b = -5*r + 566. Let m = -79 + r. What are the prime factors of m?
5, 7
Let c(u) = 31*u**2 + 236*u - 5374. What are the prime factors of c(25)?
7, 2843
Suppose 0 = 3*m + 5*m - 288. Suppose m = -v + 3*v. Suppose 2*i - 56 + v = 0. List the prime factors of i.
19
Let f(w) = 38*w**2 - 81*w - 86. List the prime factors of f(-21).
19, 967
Let m be -14*2155/(-150) - 8/60. Let x = m - 97. What are the prime factors of x?
2, 13
Suppose 0 = r - 6*r - i - 8, -4*r + 2*i = -2. Let n be r/(-4) - (-10870)/40. Suppose -5*w + n = -3*w. List the prime factors of w.
2, 17
Let p(g) be the second derivative of 9*g**3/2 - 34*g**2 - 8*g - 2. What are the prime factors of p(8)?
2, 37
Let p(q) = -72*q**2 + 10*q - 67. Let m be p(4). Let g = 2277 + m. List the prime factors of g.
2, 3, 61
Let s = 4331 - -9097. List the prime factors of s.
2, 3, 373
Let i be 419 - (-1 - (-2 - -7)). Suppose 418*l + 2506 = i*l. List the prime factors of l.
2, 179
Let l = -90 + -178. Let p = l + 544. What are the prime factors of p?
2, 3, 23
Let m(s) = s**3 - 37*s**2 + 9*s - 48. Let r be m(37). Suppose 5*g = 3*n + r, 0*n - 2*n = -3*g + 171. List the prime factors of g.
3, 19
Let y = -256 + 263. Suppose y*a - 18766 = -5844. What are the prime factors of a?
2, 13, 71
Let y = 5287 + -1998. List the prime factors of y.
11, 13, 23
Let b be 8838/63 - 4/14. Suppose 0 = 3*j - b + 38. Let y = 50 - j. List the prime factors of y.
2
Let l = 19 - 19. Suppose 4*b + 4 - 16 = l. Suppose 4*v - b*u + 73 = 8*v, v - u = 13. What are the prime factors of v?
2
Let i(o) = o**3 - 3*o**2 + 2*o + 2. Let m be i(0). Suppose -4*k = m*k - 2298. List the prime factors of k.
383
Let v = 4318 + -4245. Let g be 2/(-7) + 326/14. Let z = v - g. List the prime factors of z.
2, 5
Suppose -1699 = -7*n - 8496. Let l = n - -1866. List the prime factors of l.
5, 179
Suppose -5*t - 11*t = -4288. Suppose -s - 489 = -5*p + 809, 0 = -p + 3*s + t. What are the prime factors of p?
7, 37
Let o = 1829 + 23938. List the prime factors of o.
3, 7, 409
Suppose -13*r + 1 = -12*r. Let z be 1 + 3 - (r - 14). Suppose 2*t + z - 71 = 0. List the prime factors of t.
3
Let r(t) = 4*t**3 + 36 - 5*t**3 + 21*t**2 + 33*t - 19*t. List the prime factors of r(21).
2, 3, 5, 11
Let b(i) = 116*i**2 - 4*i + 5. Let w = 55 + -53. What are the prime factors of b(w)?
461
Let s(p) = p**3 - 8*p**2 + 12*p + 17. Let i be s(5). Suppose i*q + 9*q - 4653 = 0. List the prime factors of q.
3, 47
Suppose 14*w - 35 = -385. Let q(n) = 4*n**2 + 88*n - 5. List the prime factors of q(w).
5, 59
Let m(g) = -5*g**3 - 2*g**2. Let i be m(2). Let w = 53 + i. Suppose a - 2*j - 13 = 0, -w*j + 26 = 2*a - 2*j. List the prime factors of a.
13
Let g = -67 + 117. Let c = g - 52. What are the prime factors of c*(31/(-2) + 0 + 1)?
29
Let b(n) = n. Let d be b(12). What are the prime factors of (2 - (-88)/(-32)) + 4497/d?
2, 11, 17
Let y(s) = -152 + 99 - 2*s**2 + 76 + 44*s. What are the prime factors of y(13)?
257
Suppose 1228 - 80293 = 14*n - 59*n. List the prime factors of n.
7, 251
Suppose -3*o = 19*y - 23*y + 20363, 0 = 4*y - 2*o - 20358. List the prime factors of y.
5087
Let j be (0 - 0)*(9 + -10). Suppose j = 13*z + 63 + 808. Let k = z + 162. List the prime factors of k.
5, 19
Let r = -1591 + 2887. Let k = r - 406. What are the prime factors of k?
2, 5, 89
Suppose 0 = -f - 1, f - 74293 + 246570 = 4*q. What are the prime factors of q?
13, 3313
Let x = 14959 + -6050. What are the prime factors of x?
59, 151
List the prime f